*2 + 217*v - 108. Determine p(-8).
-116
Let d(s) = -16*s**2 - 10312*s + 10313. Calculate d(1).
-15
Let m(q) = q**2 - 2601*q - 44486. Calculate m(-17).
20
Let y(s) = 3*s**2 - 96*s + 1225. What is y(15)?
460
Let b(t) = 238*t + 160908. Give b(-676).
20
Let j(p) = 1337979*p + 26759595. Determine j(-20).
15
Let a(n) = 917221*n - 4586106. Give a(5).
-1
Let m(n) = n**2 - 442*n + 29418. Give m(82).
-102
Let v(x) = -9*x**2 + 90*x - 1478. Give v(16).
-2342
Let j(u) = -3*u**3 - 785*u**2 - 1296*u + 1079. Calculate j(-260).
39
Let x(m) = -m**3 + 41*m**2 + 14*m + 631. Determine x(42).
-545
Let c(n) = 3599*n - 92213. Determine c(26).
1361
Let m(v) = -24535*v + 1545712. Calculate m(63).
7
Let s(c) = 616*c**3 + 6777*c**2 + 26*c + 146. Give s(-11).
-19
Let v(w) = 2*w**3 - 383*w**2 + 976*w - 5600. Calculate v(189).
259
Let s(v) = 104*v**2 + 1777*v + 150. What is s(-17)?
-3
Let k(l) = -l**3 + 981*l**2 + 12921*l + 1001. Calculate k(994).
7
Let o(k) = 21501*k + 559145. What is o(-26)?
119
Let p(w) = 11*w**2 + 594*w - 219. What is p(-55)?
386
Let d(t) = -251*t + 209055. Calculate d(833).
-28
Let b(q) = -7931*q + 301375. What is b(38)?
-3
Let b(d) = -331*d - 83415. Determine b(-253).
328
Let z(l) = -700*l - 823. Determine z(2).
-2223
Let s(j) = -165*j**2 - 9652*j - 4760. Calculate s(-58).
-4
Let f(i) = 1265*i + 6302. Determine f(-5).
-23
Let x(v) = 1697*v + 45395. Calculate x(-27).
-424
Let r(y) = 105*y**2 - 22379*y + 2935. What is r(213)?
-47
Let k(j) = j**3 + 126*j**2 - 694*j - 585. What is k(6)?
3
Let m(w) = -5*w**2 + 314*w - 4893. What is m(30)?
27
Let v(w) = 33*w**2 - 4438*w - 16020. Determine v(138).
-12
Let z(m) = -m**2 + 1135807*m - 15901102. What is z(14)?
0
Let y(f) = -424*f + 2496. What is y(10)?
-1744
Let o(v) = -v**2 - 2885*v + 119960. Give o(41).
-6
Let u(l) = -3*l**3 + 203*l**2 - 2550*l - 86. What is u(51)?
-86
Let o(k) = k**3 + 26*k**2 + 141*k + 16. What is o(-8)?
40
Let i(n) = -3283*n - 17026. Determine i(-5).
-611
Let s(v) = -15*v**3 - 12*v**2 + 13*v - 5. Give s(6).
-3599
Let w(b) = 14*b**2 - 1596*b + 17118. Calculate w(102).
-18
Let k(o) = 2*o**3 + 153*o**2 + 700*o + 59837. What is k(-77)?
8
Let g(d) = -184*d - 12452. Calculate g(-37).
-5644
Let d(c) = -15*c**3 - 152*c**2 + 1088*c + 10412. Calculate d(-11).
17
Let a(w) = -11*w**2 - 274*w - 2391. Calculate a(-9).
-816
Let k(g) = g**2 - 173*g + 5800. Calculate k(130).
210
Let m(d) = -8286*d + 132739. Calculate m(16).
163
Let z(l) = l**2 - 720*l + 46085. Calculate z(71).
6
Let o(v) = -v**3 - 1598*v**2 + 4391*v + 1905593. What is o(-1600)?
-7
Let l(y) = -3*y**3 - 177*y**2 - 42*y - 712. Calculate l(-59).
1766
Let x(u) = u**2 + 6672498*u + 46707445. Calculate x(-7).
8
Let p(d) = 10*d**2 - 2482*d - 7459. Calculate p(-3).
77
Let s(b) = 6*b**2 - 1671*b + 46667. Give s(247).
-16
Let b(l) = -l**2 - 594*l + 91180. What is b(129)?
-2087
Let i(n) = -2543*n + 55727. Give i(22).
-219
Let h(u) = -604*u + 3625. Calculate h(6).
1
Let q(l) = -98*l**2 + 421*l + 289. What is q(5)?
-56
Let r(k) = -38*k**3 + 189*k**2 + 40*k - 130. What is r(5)?
45
Let w(v) = -30*v**3 - 2010*v**2 + 6*v + 395. What is w(-67)?
-7
Let d(w) = -w**3 - 30*w**2 + 590*w + 17393. Give d(-31).
64
Let i(h) = 5*h**3 + 1259*h**2 + 3730*h - 1. What is i(-3)?
5
Let k(d) = 3932*d - 15602. Determine k(4).
126
Let p(m) = -654*m + 119054. Determine p(182).
26
Let b(n) = 130*n + 6917. Give b(-57).
-493
Let h(m) = 118*m**2 - 568*m + 1110. What is h(2)?
446
Let g(j) = j**3 - 27*j**2 + 165*j - 531. Determine g(20).
-31
Let b(p) = -250*p**3 - 5*p**2 - 5*p + 11. Calculate b(1).
-249
Let j(w) = 2*w**2 + 468*w + 26945. Give j(-131).
-41
Let j(d) = -323*d + 32633. Calculate j(101).
10
Let h(d) = -1020*d - 16869. Give h(-17).
471
Let h(v) = 2309*v - 133959. Give h(58).
-37
Let k(i) = 116*i**2 + 47562*i + 552. Give k(-410).
-268
Let p(t) = -1428*t + 24333. Give p(17).
57
Let s(z) = -383*z + 6048. What is s(11)?
1835
Let m(k) = -3693*k**2 - 22151*k + 26. Calculate m(-6).
-16
Let s(z) = 62*z**3 + 3660*z**2 + 116*z - 109. Determine s(-59).
9
Let h(m) = -2*m**2 + 1002*m + 154794. Determine h(-124).
-206
Let m(l) = -5*l**3 - 62*l**2 - 241*l - 3770. Calculate m(-13).
-130
Let p(f) = -569*f**2 - 646*f - 1287. Give p(-2).
-2271
Let s(y) = -18*y**2 + 1788*y - 7114. Give s(4).
-250
Let p(l) = -l**3 + 12*l**2 - 54*l + 485. Determine p(11).
12
Let w(u) = 60736*u + 303689. Calculate w(-5).
9
Let u(w) = -2*w**3 - 210*w**2 + 447*w + 24911. What is u(-106)?
1
Let z(r) = 20*r + 1753. What is z(-92)?
-87
Let w(g) = 9*g**3 - 3573*g**2 - 191*g + 75833. What is w(397)?
6
Let g(n) = -n**3 + 2*n**2 - 381*n + 2689. Determine g(7).
-223
Let q(v) = 13*v**3 + 3*v**2 - 37*v - 141. Calculate q(-4).
-777
Let m(b) = -11*b**2 - 5475*b - 16345. Calculate m(-3).
-19
Let w(c) = 42*c**2 - 54*c - 888. Calculate w(-11).
4788
Let j(z) = -16*z**3 + 184*z**2 + 636*z - 7958. Calculate j(11).
6
Let g(u) = -456*u - 62423. Give g(-137).
49
Let n(w) = 2*w**3 - 7*w**2 - 397*w - 96. Determine n(18).
2154
Let q(l) = -17227*l + 69059. What is q(4)?
151
Let j(t) = -t**3 + 4*t**2 + 86*t - 146. What is j(10)?
114
Let u(o) = 45913*o - 229554. Calculate u(5).
11
Let d(m) = -2633*m - 418536. Determine d(-159).
111
Let s(x) = -x**3 - 273*x**2 - 3355*x + 6515. What is s(-260)?
15
Let c(u) = u**2 + 16590*u - 5238992. Calculate c(310).
8
Let i(s) = s**2 - 958*s + 16011. Determine i(17).
14
Let o(x) = -34254*x - 1746956. Determine o(-51).
-2
Let a(j) = -j**3 + 106*j**2 + 132*j - 2714. What is a(107)?
-39
Let s(f) = 13*f**3 + 22*f**2 - 61*f + 31. What is s(1)?
5
Let k(f) = 67*f**2 - 1344*f - 19. Calculate k(19).
-1368
Let q(f) = -f**3 + 25*f**2 - f - 119. Give q(24).
433
Let j(b) = 2*b**3 + 7*b**2 + 472*b + 2296. What is j(-5)?
-139
Let a(l) = -717*l + 6561. Determine a(8).
825
Let d(l) = 19*l**3 + l**2 - 1511*l + 2990. Calculate d(2).
124
Let m(v) = -v**3 - 353*v**2 + 2153*v - 343. Give m(-359).
16
Let l(c) = 267*c - 101. Calculate l(0).
-101
Let y(s) = -576*s + 3899. Give y(7).
-133
Let m(g) = 94*g - 5509. Calculate m(81).
2105
Let i(h) = 180634*h - 5238382. Give i(29).
4
Let o(p) = -3*p**2 + 421*p + 17811. Determine o(-34).
29
Let d(b) = -264*b + 4039. Determine d(18).
-713
Let i(n) = 4*n**3 - 82*n**2 + 67*n - 572. What is i(20)?
-32
Let m(g) = -g**3 - 161*g**2 - 1237*g - 1846. Calculate m(-153).
143
Let x(n) = -16*n + 2312. Calculate x(177).
-520
Let m(p) = 5710*p + 427058. Determine m(-75).
-1192
Let q(f) = -17*f**3 - 236*f**2 + 57*f + 405. Calculate q(-14).
-1
Let k(s) = 220*s**2 + 5958*s + 6190. What is k(-26)?
2
Let u(i) = -406*i + 5280. What is u(13)?
2
Let v(l) = -l**2 + 1257*l + 14182. Give v(-11).
234
Let w(z) = -10*z**2 + 285*z - 873. Calculate w(25).
2
Let t(n) = 267*n**2 - 10406*n - 290. What is t(39)?
-17
Let j(y) = -56570*y - 32075195. Determine j(-567).
-5
Let y(w) = w**3 + 12*w**2 - 2168*w - 41489. Give y(-21).
70
Let f(k) = 20*k**3 - 4*k**2 + 965*k + 969. What is f(-1)?
-20
Let x(k) = -k**3 + 99*k**2 - 1593*k + 1036. Give x(79).
9
Let b(m) = -89628*m + 448885. Determine b(5).
745
Let d(h) = -h**3 - 29*h**2 + 314*h + 6777. Give d(-20).
-3103
Let k(u) = u**2 + 69*u + 2108. Calculate k(-63).
1730
Let i(z) = 74*z**2 - 12*z - 35. Determine i(-4).
1197
Let d(h) = 654*h + 38508. Determine d(-59).
-78
Let a(v) = -738*v + 41836. Calculate a(52).
3460
Let d(p) = 6*p**3 - 27*p**2 - 117*p + 447. Determine d(6).
69
Let k(r) = -375*r + 25571. Calculate k(68).
71
Let j(u) = -264*u - 2038. Calculate j(-9).
338
Let t(j) = -j**3 - 31*j**2 - 175*j - 4417. Determine t(-30).
-67
Let j(c) = 3000*c - 198005. Give j(66).
-5
Let z(g) = 610590*g - 39077759. Give z(64).
1
Let r(u) = 114054*u + 7755670. What is r(-68)?
-2
Let v(b) = 2350*b**2 + 268*b + 267. Give v(-1).
2349
Let n(v) = v**2 + 1757*v + 17481. Calculate n(-10).
11
Let i(m) = -m**2 - 115*m + 4932. Give i(-136).
2076
Let s(p) = -3*p**2 - 807*p - 51061. Determine s(-172).
-1009
Let t(o) = o**3 + 29*o**2 + 143*o + 406. Determine t(-22).
648
Let x(j) = 9*j**2 + 9570*j - 48058. Calculate x(5).
17
Let t(g) = -18*g**2 + 1018*g - 468. Determine t(56).
92
Let l(i) = -42*i**3 + 13*i**2 - 76*i - 289. Calculate l(-4).
2911
Let q(o) = -o**3 + 536*o**2 - 4467*o + 128316. Determine q(528).
12
Let y(v) = -50308*v - 50247. Determine y(-1).
61
Let h(i) = -i**2 - 44126*i - 970284. Give h(